ppose -k + 5*k - 5*r = 27, k - 9 = w*r. Suppose k*x + x = 276. Is x a composite number?
True
Let d = -8 + 18. Suppose 2*g + d = -3*g. Let y(b) = 10*b**2 + b - 1. Is y(g) a composite number?
False
Let k(w) = -w**2 + 4*w + 5. Let x be k(5). Let z(b) = -2*b - 2. Let d be z(-3). Suppose 260 = d*y - x*y. Is y prime?
False
Suppose 40 = 2*f + 2*u, 4*u = -3*f + 2*u + 62. Is f composite?
True
Suppose 2*y + 141 = y. Let v = 352 + y. Is v a composite number?
False
Let d be (-8)/(-3)*(-3)/(-1). Let r(k) = -4*k + 3. Let x be r(d). Let j = x - -62. Is j prime?
False
Let p = 357 + -176. Is p prime?
True
Suppose 6*i = 4*i + 134. Is i prime?
True
Suppose -2*x + 30 = 3*x. Suppose 3*n = -15, -x*q + 4800 = -q - n. Is q prime?
False
Suppose 0 = -0*y - y + 42. Let r = 16 + y. Is r prime?
False
Suppose -n + 4*n = 6. Suppose f + n*v - 27 = 14, 4*v + 103 = 3*f. Is f a composite number?
False
Let r(a) = 121*a + 1. Let b be r(4). Suppose -5*s + b = -0*s. Is s prime?
True
Suppose a = -2, 2*y - a - 10 = -2*y. Suppose 0 = -4*j - 4*o - 1100, -y*j = -5*o + o + 526. Let i = j + 474. Is i prime?
False
Is (-2)/(-3) - (-343)/3 prime?
False
Let g be (19 - -1)*(-195)/(-6). Suppose -5*u + g = 225. Is u prime?
False
Is 22/(-33)*3342/(-4) prime?
True
Let w(d) = -4 - 8*d + 222*d**2 + 9*d + 4. Is w(1) a prime number?
True
Let b = 116 - 81. Is (-3)/(-21) + 13260/b a composite number?
False
Let f be (47 + -3)*11/4. Let q = -64 + f. Is q prime?
False
Suppose 202 + 88 = 5*o. Is o a composite number?
True
Suppose -790 = 4*s - 6*s. Is s a composite number?
True
Suppose 0 = -5*f + 4*n + 943, 2*n + 6 = 4*n. Is f a composite number?
False
Let t = -3 - -4. Let q be -3 + (0 - (-6 + -4)/(-1)). Is -3 - 0 - q - t prime?
False
Is 92/2*(-2)/(-4) a composite number?
False
Suppose 1 = 4*a - 3. Is (-5 - -150)/(a + 0) a composite number?
True
Suppose 2*d = 3*m + 188 - 573, -m - 5*d = -117. Is m prime?
True
Suppose 4*l - 1 = -21, 4*l - 214 = -3*s. Suppose o = n - 77, -3*n + 153 = o - s. Is n prime?
False
Suppose r = -4 + 87. Is r composite?
False
Let y(c) be the first derivative of 23*c**6/90 + c**5/60 + c**4/24 + c**3/3 - 2. Let l(g) be the third derivative of y(g). Is l(-1) composite?
True
Let p(o) = -3*o**3 - 3 + 4*o**3 - 6*o + 8*o**2 + 3*o. Is p(-8) a prime number?
False
Suppose 0 = -4*p + 3*j + 72, p + 2*j = -p + 36. Let d = -13 + p. Suppose d*f + 69 = 4*a, -3*f - 12 = -5*a + 58. Is a composite?
False
Suppose 3*z - 381 = -4*a + 302, 5*z - 1115 = -2*a. Is z prime?
False
Let g(m) = m**3 + 4*m**2 - 2*m - 5. Suppose 0 = -3*s - 6 - 6. Is g(s) prime?
True
Let q = -3121 + 5052. Is q prime?
True
Let u = -8 + 0. Let s be (-642)/u - (-5)/(-20). Suppose -4*d + 4*i + s = -0*i, 5*d - 135 = -2*i. Is d a composite number?
True
Suppose -2*y + 6*y + 20 = 0. Let h = -1 - y. Is (-447)/(-21) + h/(-14) a prime number?
False
Suppose -l - 21 = 4*k, -3*k = -2*l - 4*k - 14. Let v(w) be the third derivative of w**5/60 - w**3 + w**2. Is v(l) prime?
True
Let k be (-9426)/(-14) + 4/(-14). Suppose k = 5*z + 4*b - 1353, -z - 5*b = -422. Let x = z + -287. Is x prime?
False
Let b(f) = f**3 - 4*f**2 - 10*f + 9. Let l(u) = 2*u - u**2 + u**2 - 2 + u**3 + 5*u**2. Let j be l(-4). Is b(j) composite?
True
Suppose 716 = a - 977. Is a prime?
True
Let t be (-2 + 113)*1/1. Suppose 3*i - t = -36. Is i prime?
False
Let j(f) = -3*f**2 + 5*f - 3. Let h be j(10). Let g = 520 + h. Is g composite?
True
Suppose 0 = n + 2*n + 3, -z + 206 = 5*n. Is z a composite number?
False
Suppose 0*c - 5*z + 122 = 3*c, -228 = -5*c + 4*z. Suppose 2*p = -4*o - c, -1 = o + 4. Let i = -3 - p. Is i a prime number?
False
Let z be ((-3)/(-9))/((-3)/(-36)). Suppose 3*h = z*i - 283, -i - 3*h - 4 = -56. Is i prime?
True
Suppose 0 = 2*v - 9*h + 4*h + 314, -3*h - 754 = 5*v. Let o = -85 - v. Is o a composite number?
False
Suppose h - 40 = -3*h. Let v(y) = 2*y**2 + h + 2*y**2 - y**3 - 12*y**2 - 7*y. Is v(-7) composite?
True
Let c(w) = -w**3 + 3*w**2 - w - 3. Let l be c(-4). Let r = 369 - 543. Let h = l - r. Is h a prime number?
False
Let m be 5042/8 + (-5)/20. Let w = -215 + m. Is w prime?
False
Let g(x) = x**3 + 13*x**2 + x + 15. Let a be g(-13). Let w be 5 + (a + -2 - 1). Suppose w*y + 5*q = 971, 2*y + q - 257 = 224. Is y composite?
False
Let m(n) = 7 - 2*n - 6*n + 2*n**2 + 7*n. Is m(8) composite?
False
Suppose -5*k - 6*v = -3*v + 2, v = 4*k - 12. Suppose -k*q - q = -177. Is q a composite number?
False
Let t = 6 - 6. Suppose t*c - 39 = -c. Is c a prime number?
False
Let b = -1 + -1. Let i = -6 - b. Is (-2)/i - (-180)/8 composite?
False
Suppose -407 = 7*x - 1765. Is x a prime number?
False
Suppose -5*d = -2*f + 8 + 77, -15 = -3*d. Is f a prime number?
False
Let k = 72 - -77. Is k a prime number?
True
Suppose 6578 = -5*w + f, 5*f - 2892 = 3*w + 1046. Is (-3)/(-4) + w/(-16) a prime number?
True
Suppose 5*y = 2*k - 4, k - 3*y = 2 - 0. Suppose -k*l = 3*l - 5, -l - 1 = -u. Suppose -5*i = 5*x - 390, x - u*i = i + 82. Is x composite?
False
Let x = 239 - 135. Suppose 3*w - 1025 = -x. Is w a composite number?
False
Suppose -q = -5*p + 3*p - 20, 4*q - 4*p - 64 = 0. Suppose -4*f - q = 0, -f - 4 = -4*n + 3*n. Is (4 + -3)*53/n a composite number?
False
Let p(i) = i - 6. Let t = -19 - -29. Is p(t) composite?
True
Let y(u) = -u**3 + 2*u**2 + u. Let t be y(3). Let b(q) = q**3 + 6*q**2 - 10*q - 9. Is b(t) a prime number?
False
Suppose -2721 = -6*o + 3*o. Is o composite?
False
Let z(w) = 6*w + 2. Suppose 0 = -3*m + d + 22, 3*d - 10 = -2*d. Let v be z(m). Suppose 3*t = 49 + v. Is t a composite number?
True
Is 25 - (-2 - 0)/(-1) composite?
False
Suppose 10 = 2*m, -5*y - 3*m = -6*m - 550. Is y prime?
True
Suppose 2*g - 64 = 110. Let x = g + -56. Is x a prime number?
True
Let m = -641 + 1650. Is m prime?
True
Is 4147/6 - 32/192 a composite number?
False
Suppose -6*n = -4*n - 218. Is n composite?
False
Let o be ((-10)/3)/(6/27). Let t be 520/o*(-21)/2. Suppose -t = -4*b + 2*a - 0*a, -3*b = 3*a - 273. Is b a composite number?
True
Let l(i) = -13*i + 20. Is l(-21) composite?
False
Suppose 4*n - 2*d = 3*d, 0 = 2*d - 8. Suppose -5*t = n*x - 170 - 140, -2*t = -6. Is x prime?
True
Let d(h) = 9*h**2 - h - 4. Let l be d(3). Let j = l + -41. Is j composite?
True
Suppose 3*b - 665 = -4*v + 2*v, 2*v + 4 = 0. Is b composite?
False
Let a be 34/4 + (-1)/(-2). Suppose -3*p + 6*p = a. Suppose i = 3*t - 36, 2*i + p*i = t + 2. Is t a prime number?
True
Let t(u) = -u**3 - u**2. Let f = -3 - -1. Let o be t(f). Suppose o*i - 167 = 45. Is i a composite number?
False
Let l be (-2)/7 - (-276)/(-14). Let x be (-15)/l + (-34)/(-8). Let c = 18 - x. Is c a prime number?
True
Let o(z) = -10*z - 894. Let i(p) = -2*p - 179. Let k(g) = -11*i(g) + 2*o(g). Is k(0) composite?
False
Suppose 121 + 17 = l. Is (l/(-15))/(2/(-10)) composite?
True
Let c(i) = -42*i - 1. Is c(-2) prime?
True
Suppose p - 101 = 2*n, 7 = -5*n - 13. Suppose o = -2*o + p. Is o prime?
True
Let k = 4658 + -2823. Is k a composite number?
True
Let v(s) = -3*s + 4. Let b be v(3). Let y(z) = 2*z - 7. Let r be y(b). Let l = r - -54. Is l a prime number?
True
Suppose 2*a - 1182 - 100 = 0. Is a a composite number?
False
Let r be (-226)/3 + (-6)/9. Let h = r + 123. Is h prime?
True
Is (1226 - -1) + (-35)/5 + 7 a composite number?
True
Let l(a) = 2*a**2 + 8*a - 3. Let g = 6 + -5. Suppose 2*b + 13 = g. Is l(b) a prime number?
False
Let z(y) = 2*y**3 + 3*y**2 + 3*y + 2. Let r be z(-2). Let g be 36/r*(-1 + -1). Is (-6)/g + 406/6 prime?
True
Let o(m) = 7*m - 3. Is o(8) composite?
False
Let g(z) be the third derivative of z**4/12 - 11*z**3/6 + 3*z**2. Let s be g(8). Suppose -2*t + 579 = s. Is t prime?
False
Suppose -224 = -3*h + 172. Suppose -4*a + j = 5 - 14, -5*j - 9 = -2*a. Suppose -6*d + h = -a*d. Is d a composite number?
True
Is 4/26 + (-4858)/(-26) composite?
True
Suppose -2*a + 3*u - 158 = -0*u, 0 = -4*a - u - 302. Suppose 0 = -5*v - 2*d + d + 566, -4*v = -5*d - 447. Let c = a + v. Is c composite?
False
Let i = 126 - 37. Is i composite?
False
Let n(z) be the first derivative of 7*z**3/3 - 5*z**2/2 - z - 2. Is n(5) prime?
True
Let i = 16 - -75. Is i prime?
False
Let x(y) = -6*y + 1. Let h(t) = -5*t**2 - t + 4. Let d(o) = 11*o**2 + 3*o - 8. Let p(v) = -4*d(v) - 9*h(v). Let w be p(3). Is x(w) prime?
False
Let n be (-4)/(0 - (-2 - -3)). Is 1424/24*30/n a prime number?
False